-8118
In base 5, what is 3324 - -2?
3331
In base 15, what is 98 - -13d?
1d6
In base 3, what is 221112010 + -11?
221111222
In base 10, what is -779632 - 0?
-779632
In base 12, what is 16100 - 115?
15ba7
In base 6, what is 3003 + -154?
2405
In base 3, what is 10 + 1021021121?
1021021201
In base 4, what is 1003311 + 210?
1010121
In base 9, what is 2402613 + -4?
2402608
In base 9, what is 48266 + -313?
47853
In base 3, what is 1000 - 212222202?
-212221202
In base 2, what is -111100110111 + -110?
-111100111101
In base 8, what is 4 + 201152?
201156
In base 12, what is -21773 - 96?
-21849
In base 13, what is -15a4c0 - -1?
-15a4bc
In base 9, what is -652 + -83?
-745
In base 6, what is 2340 - 235?
2101
In base 9, what is -514024 + -4?
-514028
In base 10, what is -51583 - 5?
-51588
In base 6, what is 5522 - 10113?
-151
In base 2, what is 111001011 + -1101?
110111110
In base 16, what is -5 - 18a93?
-18a98
In base 5, what is 3 - 43423004?
-43423001
In base 9, what is 55 + 537?
603
In base 5, what is -24 - 3202?
-3231
In base 4, what is 101023133 - -10?
101023203
In base 5, what is -100103 - 10?
-100113
In base 14, what is -157 + 20?
-137
In base 12, what is 2 + -14a55?
-14a53
In base 8, what is -66 + 6256?
6170
In base 16, what is 40cc5 - 0?
40cc5
In base 6, what is -5 + 402113?
402104
In base 7, what is 41 - -24352?
24423
In base 3, what is 2022110021210 + -11?
2022110021122
In base 2, what is -1100110001111011110 - -101?
-1100110001111011001
In base 16, what is -29 + 4b45?
4b1c
In base 9, what is -5 + -1372456?
-1372462
In base 3, what is -12 + 21001210102?
21001210020
In base 9, what is 1518 + -23?
1485
In base 9, what is 0 + -335506?
-335506
In base 11, what is -82 - 4109?
-4190
In base 7, what is 610 - 6115?
-5205
In base 2, what is 1000 + -11011111110100?
-11011111101100
In base 5, what is 10122134 - -12?
10122201
In base 8, what is -26327 + 13?
-26314
In base 3, what is -1 - 2221010200?
-2221010201
In base 5, what is 314404204 + 3?
314404212
In base 15, what is -258 + -5a8?
-811
In base 12, what is 40 - 337b?
-333b
In base 3, what is -21012 - -2?
-21010
In base 11, what is -4 - -12563?
1255a
In base 5, what is -214230 + -4?
-214234
In base 9, what is 5752145 + -1?
5752144
In base 4, what is 112020222221 - 10?
112020222211
In base 9, what is -27 + -174?
-212
In base 6, what is 12050 - 10?
12040
In base 5, what is 4313123 + -4?
4313114
In base 10, what is 163925 + -5?
163920
In base 13, what is 4 + -11684?
-11680
In base 11, what is -5 + -48574a?
-485754
In base 10, what is 0 - 514147?
-514147
In base 11, what is -5 - 13702?
-13707
In base 3, what is -12 + -211112221221?
-211112222010
In base 11, what is -5 + -1a92?
-1a97
In base 8, what is 404 + 233?
637
In base 10, what is -25 + 4354?
4329
In base 5, what is 23 + -1201?
-1123
In base 6, what is -33400 + -2?
-33402
In base 7, what is -2035422 + -2?
-2035424
In base 11, what is a - -15849?
15858
In base 14, what is -2065c + -1?
-2065d
In base 15, what is -58da - -91?
-5849
In base 13, what is b - 5c5?
-5b7
In base 9, what is 6763 + 126?
7000
In base 6, what is 11055 + 323?
11422
In base 15, what is 9646b + -4?
96467
In base 2, what is -10110 + -10100001000111011?
-10100001001010001
In base 11, what is -3a1145 - 1?
-3a1146
In base 14, what is -40c32 + -1?
-40c33
In base 6, what is -2 - -233020?
233014
In base 6, what is 0 - -403552?
403552
In base 8, what is 142315 + 0?
142315
In base 7, what is -120462 + -105?
-120600
In base 5, what is -243 + 314?
21
In base 5, what is 43341002 - -3?
43341010
In base 4, what is 1000132321 - -3?
1000132330
In base 14, what is -282 - 1507?
-1789
In base 13, what is 17 - 5113?
-50c9
In base 2, what is -100100 - -10111111010?
10111010110
In base 16, what is 35 + 704?
739
In base 2, what is -10111 + 11000010?
10101011
In base 8, what is -1125463 - 5?
-1125470
In base 16, what is -15 - -a73?
a5e
In base 14, what is 371 + 7c5?
b56
In base 6, what is -141 - -103113?
102532
In base 11, what is 0 + 31889?
31889
In base 6, what is -1351325 - -15?
-1351310
In base 8, what is 352407 + 2?
352411
In base 5, what is 3 - -200033?
200041
In base 7, what is -522 - -1366?
544
In base 5, what is -1242212 - -3?
-1242204
In base 10, what is 26 - 23520?
-23494
In base 15, what is 11 - 1432?
-1421
In base 9, what is -34887 - 4?
-35002
In base 6, what is 140 + -4451?
-4311
In base 4, what is -1310232 + -1022?
-1311320
In base 13, what is 5 - -4b84?
4b89
In base 8, what is -150 + -23425?
-23575
In base 11, what is -19 - -1692?
1674
In base 15, what is 5 + 29d48?
29d4d
In base 9, what is -253660 - -2?
-253657
In base 10, what is 5 - -24048?
24053
In base 10, what is 39 + 120480?
120519
In base 5, what is 1 + -2241203?
-2241202
In base 13, what is 8b - 38?
53
In base 14, what is -a5166 + 0?
-a5166
In base 10, what is -5 - -41986?
41981
In base 4, what is 210 - 1132320?
-1132110
In base 11, what is -57a - -76?
-504
In base 15, what is -1a7 - -549?
392
In base 10, what is 1359 + -21?
1338
In base 11, what is -13470 - 1?
-13471
In base 14, what is -84712 - -2?
-84710
In base 2, what is -10 + -1110010000111011?
-1110010000111101
In base 5, what is 0 + -31131412?
-31131412
In base 12, what is -209a2 + 3?
-2099b
In base 7, what is 1 + 103240?
103241
In base 7, what is 6643040 + 5?
6643045
In base 5, what is 2 - -21113?
21120
In base 15, what is 7232 - -5?
7237
In base 9, what is -50 + -3746?
-3806
In base 14, what is -36d + 5?
-368
In base 13, what is 3 - 21a6ca?
-21a6c7
In base 4, what is -3113303231 + -3?
-3113303300
In base 14, what is 3c5d + -61?
3bdc
In base 14, what is 1 + -907b?
-907a
In base 5, what is 0 + -41310300?
-41310300
In base 2, what is 10100011 - -10010101?
100111000
In base 12, what is -2 - -6a27?
6a25
In base 5, what is -10020 - -3210?
-1310
In base 3, what is 2 - 11001011012?
-11001011010
In base 5, what is 434412 - 112?
434300
In base 4, what is -1333120 + 23?
-1333031
In base 15, what is -7 - -482?
47a
In base 11, what is -3 + -10a84?
-10a87
In base 14, what is -4 + 1ab7?
1ab3
In base 5, what is -212 + 324200?
323433
In base 5, what is 1410 + 1431?
3341
In base 16, what is -9262 + 4?
-925e
In base 11, what is 1154256 + 2?
1154258
In base 9, what is 4 + 432033?
432037
In base 3, what is 0 + 10011011002?
10011011002
In base 2, what is 10100 + -10011101010111111?
-10011101010101011
In base 15, what is cde + -78?
c66
In base 2, what is -10101 + 10111001111?
10110111010
In base 11, what is 628542 - 1?
628541
In base 8, what is -1 - -656002?
656001
In base 11, what is 109 + -191?
-83
In base 2, what is -10000000111 + -1001110110?
-11001111101
In base 3, what is 100 + 21222212?
22000012
In base 9, what is -4078 - 111?
-4200
In base 3, what is 1201221 + 1201?
1210122
In base 15, what is 1 + 5b71?
5b72
In base 14, what is -c833 - -75?
-c79c
In base 16, what is -11 - -4e36?
4e25
In base 4, what is -31 - 20203?
-20300
In base 15, what is -6 - 46310?
-46316
In base 3, what is 12 + -2210222111?
-2210222022
In base 14, what is -a - 61?
-6b
In base 7, what is -603 - -465?
-105
In base 10, what is 10257 - 79?
10178
In base 9, what is -155 - 245?
-411
In base 13, what is -386 - -64c?
296
In base 13, what is -7 + -4bba?
-4bc4
In base 8, what is 15 + 106034?
106051
In base 14, what is -1c1 - -1b6?
-9
In base 4, what is -10 + 22030123?
22030113
In base 8, what is -20715 + 6?
-20707
In base 2, what is -100 - 101011010011000111?
-101011010011001011
In base 6, what is -345340 - 2?
-345342
In base 15, what is 4004c - 2?
4004a
In base 7, what is -1355 + -13332?
-15020
In base 15, what is 1685 - -84?
1719
In base 12, what is 60ba - -20?
611a
In base 15, what is -2ab + 3?
-2a8
In base 11, what is 536 + 92?
618
In base 2, what is -11010 + -111111?
-1011001
In base 8, what is 6 + -515074?
-515066
In base 9, what is -1 - -483148?
483147
In base 10, what is -3 - -350604?
350601
In base 10, what is 71 + 408?
479
In base 8, what is -26 - 6172?
-6220
In base 2, what is 11011 - 10100101010110?
-10100100111011
In base 6, what is -114134 - -14?
-114120
In base 13, what is 58 + 10cb0?
11038
In base 4, what is -1202222100 - -11?
-1202222023
In base 11, what is -175a + 136?
-1624
In base 12, what is -5751 - 21?
-5772
In base 7, what is -1360314 + 0?
-1360314
In base 15, what is 6c + 91a?
987
In base 11, what is 